f y?
4
Let i be (137/(-2) - 2)*-2. Suppose 5*o - i = -16. What is the units digit of o?
5
Suppose 3*u + 38 = -q, 4*u - 2*q = 3*q - 76. Let n = u - -26. What is the tens digit of n?
1
Let v(m) = -m**3 - 6*m**2 - 7*m - 5. Let f be v(-5). Suppose -f*g - 70 = -10*g. Suppose 4*z = 26 + g. What is the tens digit of z?
1
Let j(o) = -1. Let p(u) = -4*u**2 - u + 4. Let c(b) = -3*j(b) - p(b). What is the tens digit of c(2)?
1
Let g(l) = l**3 + 4*l**2 - 2*l - 2. Suppose o = -3*m - 8, -8 = -2*m - o - 3*o. Let v be ((m + 0)/1)/1. What is the units digit of g(v)?
6
Let v = -4 + 6. Suppose g - 3 = v*m + 6*g, -g = m. What is the units digit of m?
1
Suppose 13 + 98 = 3*h. Suppose -9 = 3*x - 0, -4*x = m - h. What is the tens digit of m?
4
Let j(i) = -3*i - 2*i + 4*i**3 - 4 + 7*i - 3*i**3 - 2*i**2. What is the tens digit of j(3)?
1
What is the units digit of 24/36 + 158/6?
7
Let i be (-18)/(-4) - 3/6. Suppose 0 = -i*z + 2*p + 18, p - 10 + 3 = -2*z. Suppose 37 = 5*j - k, -k - 35 = -z*j - 2*k. What is the units digit of j?
8
Let p be 19/5 - 3/(-15). Suppose p*y - 3 = 1. Let g = 9 - y. What is the units digit of g?
8
Let u be (-1)/(-2) - (-5)/(-10). Suppose x - 2*m - 21 = -9, u = -4*x + 3*m + 48. What is the tens digit of x?
1
Let v(q) = q**2 - 23*q + 40. What is the units digit of v(22)?
8
Let d = -9 + 80. What is the tens digit of d?
7
Let m(p) = p**2 + 7*p + 1. Let g be m(-6). Let v(j) = -j - 1 + 7 + 2*j. What is the units digit of v(g)?
1
Suppose -5*w = 3*l + 17, -2*l + 0*l + 2*w - 6 = 0. What is the units digit of (-1)/l + 475/20?
4
Let g be 2 - (-1 + (-1 - -7)). Let i = g - -8. Suppose 5*q - i*x + 20 = 0, 6*x - 20 = 2*x. What is the units digit of q?
1
Suppose -2*a - 3*a - 347 = -4*p, -4*p = 3*a - 323. What is the units digit of p?
3
Let x(t) = t**2 + 12*t + 7. Let d be x(-11). Let l = d + 41. What is the units digit of l?
7
Suppose -2*q - 38 = -2*t, 0*t + 2*t + 4*q = 8. Suppose -8 = -o - 3*x, -t = 4*x - 2. What is the tens digit of o?
1
Let h = 7 - 5. Suppose 14 = h*l - 8. What is the tens digit of l?
1
Suppose 188 = 2*s - 2*o, s + 0*o - 5*o = 90. Suppose 0 = -4*z - z + s. What is the tens digit of z?
1
Let c = 8 + 5. What is the tens digit of c?
1
Let x(l) = l**2 - 6*l - 28. What is the units digit of x(-17)?
3
Suppose 3*v = 2*v - n, -5*v = 2*n - 15. Suppose 138 = 3*z + c - 2*c, -v*z - 3*c + 244 = 0. What is the units digit of z?
7
Let r = 147 - 15. What is the hundreds digit of r?
1
Let l be 3 + 5/((-20)/(-252)). Suppose l = 4*o - 18. What is the tens digit of o?
2
What is the tens digit of (-2)/(-12) - (-6 - 9736/48)?
0
Let g = 4 + -1. Let i(j) = g - 3*j + 0*j + j**2 + j. What is the units digit of i(3)?
6
Let z(s) be the third derivative of -7*s**6/30 - s**4/12 - s**3/6 - 7*s**2. What is the units digit of z(-1)?
9
What is the tens digit of -44*-2*(-4)/(-32)?
1
Let p be (-6)/(-21) + 24/14. Let k be 3*(-1 + p/1). What is the units digit of 18/k*(0 - -1)?
6
Suppose 2*s - 40 = 68. What is the tens digit of s?
5
Let m(v) = v**3 + 7*v**2 - 7*v + 11. Let r be m(-8). Let o be (-4)/10 - (-44)/10. Let y = o - r. What is the units digit of y?
1
Let m(n) = -n**2 + 10*n - 6. Let k = 15 - 8. What is the tens digit of m(k)?
1
Suppose 0 = -8*d + 1696 + 976. What is the hundreds digit of d?
3
Suppose 2*j - 10 = -a, 0 = a + 4*j - 25 + 5. Suppose 2*v - 14 - 20 = a. What is the tens digit of v?
1
Suppose 0 = w - 16 - 15. What is the tens digit of w?
3
Let k(z) = z**2 + 2. Let s(f) = f. Let a be s(-3). Let m be k(a). Let j = 1 + m. What is the tens digit of j?
1
What is the units digit of (-726)/(-7) + 8/28?
4
What is the tens digit of (-5)/30 - 1262/(-12)?
0
Let j(d) = -d**3 - 9*d**2 - 11*d - 6. Let h be j(-9). Suppose 0 = -4*l - 33 + h. What is the units digit of l?
5
Let n(g) = -5*g**2 - 8*g - 3*g + 12 + 4*g**2. Let k be n(-10). Suppose 5*t - 3 = k. What is the units digit of t?
5
Let r = 19 - 15. What is the units digit of -3 + (-13)/(r/(-4))?
0
Suppose 5*n - 13 = 7, d + 2*n - 42 = 0. What is the units digit of (-2)/4 - d/(-4)?
8
Let o(l) = l**3 + 5*l**2 - l. Let m be o(-4). Suppose 3*v - m = -v. Let r = 8 - v. What is the units digit of r?
3
Let z = -264 + 467. What is the hundreds digit of z?
2
Suppose q + 83 = 3*q + 3*d, q + 3*d - 37 = 0. What is the tens digit of q?
4
Let m(u) be the third derivative of -u**6/120 + u**5/15 + u**4/4 + u**3/3 - 2*u**2. Suppose 0 = -0*x + 2*x - 10. What is the units digit of m(x)?
7
Let y = 54 + -15. What is the tens digit of y?
3
Let s(t) = -t**2 + 10*t. Let u be s(8). What is the units digit of u - -1 - (2 + -5)?
0
Let k be 2/2 - (-26 - -15). What is the units digit of k/30 + (-126)/(-10)?
3
Let d = 119 + -84. Let a = 65 - d. Let j = a - 17. What is the tens digit of j?
1
Let p = -4 - 1. Let r(s) be the second derivative of s**4/12 + 2*s**3/3 - s**2 + s. What is the units digit of r(p)?
3
Let a be (4/3)/((-2)/6). What is the units digit of (26/a)/((-1)/2)?
3
Let j(q) = -4*q - 6. What is the tens digit of j(-7)?
2
Let i(w) = -3*w**3 - 41*w**2 + 19*w - 35. Let z(d) = -d**3 - 14*d**2 + 6*d - 12. Let k(f) = -6*i(f) + 17*z(f). What is the units digit of k(-9)?
3
What is the tens digit of -3*(40/(-6) + -1)?
2
Suppose -4*r = -5*b - 105, -5*b + 2*r = 3*r + 80. Let y = b + 26. What is the units digit of y?
9
Let h = -5 + 4. What is the units digit of 0 + (4 - -33) + h?
6
Let l be (4/(-6))/((-9)/2241). What is the units digit of l/8 + 1/4?
1
Suppose l + 4*r + 31 = -21, -4*r + 52 = -l. Let g = l + 97. Suppose -2*k + 5 = 3*c, 5*c - 4*k - g = -0*k. What is the units digit of c?
5
Let r(o) = o - 1. Let d be r(11). Suppose -2*v - 9 = -k, 5 = k - 5*v - d. What is the units digit of k?
5
What is the tens digit of (34 - 1)*(-13)/(52/(-24))?
9
Let m be 0/((0 + -2)*-1). Suppose 4*s - 2*s - 2*t + 22 = 0, m = -2*t - 8. Let v = -1 - s. What is the tens digit of v?
1
What is the units digit of 2527/28 - (-2)/(-8)?
0
Let m(t) = 2*t**2 - 4*t - 6. Suppose 4*d = -o + 12, 33 + 3 = -4*o + 5*d. Let n be m(o). Suppose n + 8 = 5*l. What is the tens digit of l?
1
Suppose -o - o + 8 = 0. Suppose -5*v = l - 65, -2*l + 8 + 38 = o*v. What is the tens digit of v?
1
Let h be (16*4)/((-3)/(-6)). Suppose 3*l - h = -q - q, q = 4. Suppose 4*k + 8 = -m, 4*m = -0*m + 2*k + l. What is the units digit of m?
8
Let d(q) = -q**2 - 7*q. Let t be ((-6)/5)/(1/5). Let r be d(t). Let x = 3 + r. What is the units digit of x?
9
What is the tens digit of 266/6 - 50/(-75)?
4
Suppose 0 = -2*d - 64 + 4. Let x = d + 47. What is the units digit of x?
7
Let h(n) = -n**2 + 6*n - 5. Let k be h(4). Suppose 3*t + 3 + k = 0. What is the units digit of -2 - -4*(-1 - t)?
2
Suppose 0 = 3*q + 5*s - 154, -5*q + 5*s - 9 = -239. What is the tens digit of q?
4
Let v(i) = i**2 - 7*i + 4. Let c be v(5). What is the units digit of (2/c)/((-1)/63)?
1
Let l be 38/8 - 3/4. Suppose l*o - 10 = 2*o. What is the units digit of o?
5
Suppose -z + 21 = 2*v - v, 3*v - 33 = 3*z. What is the units digit of (-45)/12*v/(-6)?
0
Let q(y) = -8*y + 13. What is the tens digit of q(-8)?
7
Suppose 2*o - 363 = -o - 3*k, 5*k + 214 = 2*o. What is the tens digit of o?
1
Let a = -4 - -43. What is the tens digit of a?
3
Let d = 60 + -2. What is the units digit of d?
8
Let j be (-8)/(-44) - 20/(-11). Suppose 0*q + j*g - 91 = -3*q, 3*q = -5*g + 79. What is the tens digit of q?
3
Let r be (-2135)/10 + 3/2. Let a be r/18 + 2/(-9). What is the units digit of 9 - (a/(-3) + -2)?
7
Let p(t) be the first derivative of t**4/8 - 7*t**3/6 + t**2/2 - 1. Let z(b) be the second derivative of p(b). What is the units digit of z(5)?
8
Suppose 2*d = 3*s + 323, 8*d - 11*d = -2*s - 487. What is the tens digit of d?
6
Let i(b) = 68*b**2. Let c be i(1). Suppose j - 5*j + c = 0. What is the tens digit of j?
1
Let k = -71 - -161. What is the tens digit of k?
9
Let j(r) = r**3 + r**2 + 111. What is the tens digit of j(0)?
1
Let y(w) = 0*w - 6*w + 7*w + 2. What is the units digit of y(0)?
2
Let y be 9/((-1)/18*-3). Suppose k + 5*w - y = 0, -k - 2*w - 2 = -53. What is the tens digit of k?
4
Let x(u) = 0*u - u + 2*u - 2*u + 11. What is the units digit of x(6)?
5
Let a = -3 + 13. Let d(k) = k**3 - 9*k**2 - 9*k + 2. What is the tens digit of d(a)?
1
Let b(n) = -n + 9. Let v be b(0). What is the units digit of 2 + 3*v/1?
9
Suppose v - 2*v + 3 = 0. Suppose -5*i = -v*d